{"id":2444,"date":"2024-03-04T09:33:28","date_gmt":"2024-03-04T08:33:28","guid":{"rendered":"https:\/\/culturalcomes.net\/?page_id=2444"},"modified":"2024-03-04T11:37:17","modified_gmt":"2024-03-04T10:37:17","slug":"a-filetta","status":"publish","type":"page","link":"https:\/\/culturalcomes.net\/ca\/a-filetta\/","title":{"rendered":"A Filetta"},"content":{"rendered":"\n<figure class=\"wp-block-image alignwide size-large\"><img loading=\"lazy\" decoding=\"async\" width=\"1024\" height=\"410\" src=\"https:\/\/culturalcomes.net\/wp-content\/uploads\/2024\/02\/FILETTA-@-Olivier-Sanchez-_-Crystal-Pictures-scaled-e1707211678368-1024x410.jpg\" alt=\"\" class=\"wp-image-2379\"\/><\/figure>\n\n\n\n<div style=\"height:53px\" aria-hidden=\"true\" class=\"wp-block-spacer\"><\/div>\n\n\n\n<div class=\"wp-block-columns alignwide is-layout-flex wp-container-core-columns-is-layout-9d6595d7 wp-block-columns-is-layout-flex\">\n<div class=\"wp-block-column is-layout-flow wp-block-column-is-layout-flow\" style=\"flex-basis:33.33%\">\n<div style=\"height:67px\" aria-hidden=\"true\" class=\"wp-block-spacer\"><\/div>\n\n\n\n<div class=\"wp-block-buttons is-content-justification-center is-layout-flex wp-container-core-buttons-is-layout-16018d1d wp-block-buttons-is-layout-flex\">\n<div class=\"wp-block-button\"><a class=\"wp-block-button__link wp-element-button\" href=\"https:\/\/palauvalencia.com\/evento\/a-filetta\/\" rel=\"nofollow noopener\" target=\"_blank\">Entrades<\/a><\/div>\n<\/div>\n\n\n\n<div style=\"height:67px\" aria-hidden=\"true\" class=\"wp-block-spacer\"><\/div>\n\n\n\n<p class=\"has-text-align-left\"><strong>Int\u00e8rprets<\/strong><br><br>Jean-Claude Acquaviva<br>Fran\u00e7ois Aragni<br>Jean-Do Bianco<br>Petr&#8217;Ant\u00f2 Casta<br>Paul Giansily<br>Maxime Vuillamier<\/p>\n<\/div>\n\n\n\n<div class=\"wp-block-column is-layout-flow wp-block-column-is-layout-flow\" style=\"flex-basis:66.66%\">\n<p class=\"has-luminous-vivid-amber-color has-text-color has-link-color wp-elements-8ec1dab6b0f3d07ce23eab0790d2708d\">Dissabte, 6 d&#8217;abril, 19:30 h. | Sala Joaqu\u00edn Rodrigo &#8211; Palau de la M\u00fasica<\/p>\n\n\n\n<h1 class=\"wp-block-heading\" style=\"font-size:40px;font-style:normal;font-weight:500\">CORSIC&#8217;AMEN<\/h1>\n\n\n\n<h2 class=\"wp-block-heading\" style=\"font-size:25px\"><em>Llum i foscor als jardins de la lit\u00fargia corsa<\/em><\/h2>\n\n\n\n<h3 class=\"wp-block-heading\" style=\"font-size:20px\">A Filetta<\/h3>\n\n\n\n<hr class=\"wp-block-separator has-alpha-channel-opacity\"\/>\n\n\n\n<p>Am\u00e9n (Amanah) troba el seu origen a la Tor\u00e0 ; aquesta paraula que \u00e9s una resposta comuna a una oraci\u00f3, una ordre per\u00f2 tamb\u00e9 una benedicci\u00f3 que significa &#8220;Aix\u00ed siga&#8221; ens remet a la fe, al comprom\u00eds, a la veritat i a una promesa d&#8217;eternitat.<br><\/p>\n\n\n\n<p>En aquest repertori de cants sagrats, A Filetta dona a escoltar a capella polifonies que han puntuat la vida religiosa de l&#8217;illa des de temps immemorials. Des dels cants arcaics procedents de la tradici\u00f3 oral fins a les creacions contempor\u00e0nies, els cantants posen en relleu una mem\u00f2ria d&#8217;esperan\u00e7a que ens recorda que la nostra condici\u00f3 humana roman en la nostra capacitat d&#8217;elevar-nos m\u00e9s enll\u00e0 de les tenebres\u2026<\/p>\n\n\n\n<div class=\"wp-block-getwid-accordion has-icon-left\" data-active-element=\"none\">\n<div class=\"wp-block-getwid-accordion__header-wrapper\"><span class=\"wp-block-getwid-accordion__header\"><a href=\"#\"><span class=\"wp-block-getwid-accordion__header-title\"><strong>Biograf\u00eda<\/strong> A Filetta<\/span><span class=\"wp-block-getwid-accordion__icon is-active\"><i class=\"fas fa-plus\"><\/i><\/span><span class=\"wp-block-getwid-accordion__icon is-passive\"><i class=\"fas fa-minus\"><\/i><\/span><\/a><\/span><\/div><div class=\"wp-block-getwid-accordion__content-wrapper\"><div class=\"wp-block-getwid-accordion__content\">\n<p>La m\u00fasica de Filetta \u00e9s un viatge\u2026 Podria dir-se que \u00e9s una proposta polif\u00f2nica i vocal desafiador, auda\u00e7 i contempor\u00e0nia, encara que provinga d&#8217;una poderosa tradici\u00f3 oral.<\/p>\n\n\n\n<p>\u00c9s en 1978 quan gent molt jove -entre ells adolescents, impulsats per una forta voluntat de contribuir a la protecci\u00f3 d&#8217;un patrimoni oral en declivi- van iniciar la seua marxa\u2026 i el seu viatge ha sigut llarg, a vegades sinu\u00f3s, per\u00f2 sempre jalonat de descobriments i trobades meravelloses. Per aix\u00f2, els cantants confessen de bon grat que &#8220;la trobada&#8221; est\u00e0 inscrita en el seu ADN musical. Aix\u00f2 explica probablement per qu\u00e8 mai han volgut limitar aquest viatge al per\u00edmetre de les seues arrels : encoratjats per la tradici\u00f3 de la qual s\u00f3n hereus, es van obrir r\u00e0pidament a uns altres: altres territoris, altres disciplines, altres artistes (int\u00e8rprets, compositors, directors, core\u00f2grafs).<\/p>\n<\/div><\/div>\n<\/div>\n\n\n\n<div style=\"height:28px\" aria-hidden=\"true\" class=\"wp-block-spacer\"><\/div>\n\n\n\n<div class=\"wp-block-getwid-social-links has-medium-spacing\" style=\"font-size:20px\"><ul class=\"wp-block-getwid-social-links__list getwid-justify-content-center getwid-justify-content-tablet-flex-end getwid-justify-content-mobile-flex-end\"><li class=\"wp-block-getwid-social-links__item\"><a class=\"wp-block-getwid-social-links__link\" href=\"https:\/\/www.facebook.com\/afilleta.officiel\" target=\"_blank\" rel=\"noopener nofollow\"><span class=\"wp-block-getwid-social-links__wrapper has-text-color has-white-color\"><i class=\"fab fa-facebook-f\"><\/i><\/span><\/a><\/li><li class=\"wp-block-getwid-social-links__item\"><a class=\"wp-block-getwid-social-links__link\" href=\"https:\/\/twitter.com\/a_filetta\" target=\"_blank\" rel=\"noreferrer noopener nofollow\"><span class=\"wp-block-getwid-social-links__wrapper has-text-color has-white-color\"><i class=\"fab fa-twitter\"><\/i><\/span><\/a><\/li><li class=\"wp-block-getwid-social-links__item\"><a class=\"wp-block-getwid-social-links__link\" href=\"https:\/\/www.instagram.com\/a_filetta\" target=\"_blank\" rel=\"noreferrer noopener nofollow\"><span class=\"wp-block-getwid-social-links__wrapper has-text-color has-white-color\"><i class=\"fab fa-instagram\"><\/i><\/span><\/a><\/li><li class=\"wp-block-getwid-social-links__item\"><a class=\"wp-block-getwid-social-links__link\" href=\"https:\/\/www.youtube.com\/@AFILETTA\" target=\"_blank\" rel=\"noreferrer noopener nofollow\"><span class=\"wp-block-getwid-social-links__wrapper has-text-color has-white-color\"><i class=\"fab fa-youtube\"><\/i><\/span><\/a><\/li><li class=\"wp-block-getwid-social-links__item\"><a class=\"wp-block-getwid-social-links__link\" href=\"https:\/\/open.spotify.com\/intl-es\/artist\/57WyiCMd1RIgCPmUCBrkf5?si=Bc8Yo-WmThONtw5oN6a5jA\" target=\"_blank\" rel=\"noopener nofollow\"><span class=\"wp-block-getwid-social-links__wrapper has-text-color has-white-color\"><i class=\"fab fa-spotify\"><\/i><\/span><\/a><\/li><li class=\"wp-block-getwid-social-links__item\"><a class=\"wp-block-getwid-social-links__link\" href=\"http:\/\/www.afiletta.com\" target=\"_blank\" rel=\"noreferrer noopener nofollow\"><span class=\"wp-block-getwid-social-links__wrapper has-text-color has-white-color\"><i class=\"fas fa-compass\"><\/i><\/span><\/a><\/li><\/ul><\/div>\n\n\n\n<div style=\"height:100px\" aria-hidden=\"true\" class=\"wp-block-spacer\"><\/div>\n<\/div>\n<\/div>\n","protected":false},"excerpt":{"rendered":"<p>Int\u00e8rprets Jean-Claude AcquavivaFran\u00e7ois AragniJean-Do BiancoPetr&#8217;Ant\u00f2 CastaPaul GiansilyMaxime Vuillamier Dissabte, 6 d&#8217;abril, 19:30 h. | Sala Joaqu\u00edn Rodrigo &#8211; Palau de la M\u00fasica CORSIC&#8217;AMEN Llum i foscor als jardins de la lit\u00fargia corsa A Filetta Am\u00e9n (Amanah) troba el seu origen a la Tor\u00e0 ; aquesta paraula que \u00e9s una resposta comuna a una oraci\u00f3, una [&hellip;]<\/p>\n","protected":false},"author":2,"featured_media":0,"parent":0,"menu_order":0,"comment_status":"closed","ping_status":"closed","template":"","meta":{"ocean_post_layout":"","ocean_both_sidebars_style":"","ocean_both_sidebars_content_width":0,"ocean_both_sidebars_sidebars_width":0,"ocean_sidebar":"","ocean_second_sidebar":"","ocean_disable_margins":"enable","ocean_add_body_class":"","ocean_shortcode_before_top_bar":"","ocean_shortcode_after_top_bar":"","ocean_shortcode_before_header":"","ocean_shortcode_after_header":"","ocean_has_shortcode":"","ocean_shortcode_after_title":"","ocean_shortcode_before_footer_widgets":"","ocean_shortcode_after_footer_widgets":"","ocean_shortcode_before_footer_bottom":"","ocean_shortcode_after_footer_bottom":"","ocean_display_top_bar":"default","ocean_display_header":"default","ocean_header_style":"","ocean_center_header_left_menu":"","ocean_custom_header_template":"","ocean_custom_logo":0,"ocean_custom_retina_logo":0,"ocean_custom_logo_max_width":0,"ocean_custom_logo_tablet_max_width":0,"ocean_custom_logo_mobile_max_width":0,"ocean_custom_logo_max_height":0,"ocean_custom_logo_tablet_max_height":0,"ocean_custom_logo_mobile_max_height":0,"ocean_header_custom_menu":"","ocean_menu_typo_font_family":"","ocean_menu_typo_font_subset":"","ocean_menu_typo_font_size":0,"ocean_menu_typo_font_size_tablet":0,"ocean_menu_typo_font_size_mobile":0,"ocean_menu_typo_font_size_unit":"px","ocean_menu_typo_font_weight":"","ocean_menu_typo_font_weight_tablet":"","ocean_menu_typo_font_weight_mobile":"","ocean_menu_typo_transform":"","ocean_menu_typo_transform_tablet":"","ocean_menu_typo_transform_mobile":"","ocean_menu_typo_line_height":0,"ocean_menu_typo_line_height_tablet":0,"ocean_menu_typo_line_height_mobile":0,"ocean_menu_typo_line_height_unit":"","ocean_menu_typo_spacing":0,"ocean_menu_typo_spacing_tablet":0,"ocean_menu_typo_spacing_mobile":0,"ocean_menu_typo_spacing_unit":"","ocean_menu_link_color":"","ocean_menu_link_color_hover":"","ocean_menu_link_color_active":"","ocean_menu_link_background":"","ocean_menu_link_hover_background":"","ocean_menu_link_active_background":"","ocean_menu_social_links_bg":"","ocean_menu_social_hover_links_bg":"","ocean_menu_social_links_color":"","ocean_menu_social_hover_links_color":"","ocean_disable_title":"default","ocean_disable_heading":"default","ocean_post_title":"","ocean_post_subheading":"","ocean_post_title_style":"","ocean_post_title_background_color":"","ocean_post_title_background":0,"ocean_post_title_bg_image_position":"","ocean_post_title_bg_image_attachment":"","ocean_post_title_bg_image_repeat":"","ocean_post_title_bg_image_size":"","ocean_post_title_height":0,"ocean_post_title_bg_overlay":0.5,"ocean_post_title_bg_overlay_color":"","ocean_disable_breadcrumbs":"default","ocean_breadcrumbs_color":"","ocean_breadcrumbs_separator_color":"","ocean_breadcrumbs_links_color":"","ocean_breadcrumbs_links_hover_color":"","ocean_display_footer_widgets":"default","ocean_display_footer_bottom":"default","ocean_custom_footer_template":"","footnotes":""},"class_list":["post-2444","page","type-page","status-publish","hentry","entry","owp-thumbs-layout-horizontal","owp-btn-normal","owp-tabs-layout-vertical","has-no-thumbnails","has-product-nav"],"_links":{"self":[{"href":"https:\/\/culturalcomes.net\/ca\/wp-json\/wp\/v2\/pages\/2444","targetHints":{"allow":["GET"]}}],"collection":[{"href":"https:\/\/culturalcomes.net\/ca\/wp-json\/wp\/v2\/pages"}],"about":[{"href":"https:\/\/culturalcomes.net\/ca\/wp-json\/wp\/v2\/types\/page"}],"author":[{"embeddable":true,"href":"https:\/\/culturalcomes.net\/ca\/wp-json\/wp\/v2\/users\/2"}],"replies":[{"embeddable":true,"href":"https:\/\/culturalcomes.net\/ca\/wp-json\/wp\/v2\/comments?post=2444"}],"version-history":[{"count":5,"href":"https:\/\/culturalcomes.net\/ca\/wp-json\/wp\/v2\/pages\/2444\/revisions"}],"predecessor-version":[{"id":2606,"href":"https:\/\/culturalcomes.net\/ca\/wp-json\/wp\/v2\/pages\/2444\/revisions\/2606"}],"wp:attachment":[{"href":"https:\/\/culturalcomes.net\/ca\/wp-json\/wp\/v2\/media?parent=2444"}],"curies":[{"name":"wp","href":"https:\/\/api.w.org\/{rel}","templated":true}]}}

<figure class="wp-block-image alignwide size-large"><img loading="lazy" decoding="async" width="1024" height="410" src="https://culturalcomes.net/wp-content/uploads/2024/02/FILETTA-@-Olivier-Sanchez-_-Crystal-Pictures-scaled-e1707211678368-1024x410.jpg" alt="" class="wp-image-2379"/></figure>



<div style="height:53px" aria-hidden="true" class="wp-block-spacer"></div>



<div class="wp-block-columns alignwide is-layout-flex wp-container-core-columns-is-layout-9d6595d7 wp-block-columns-is-layout-flex">
<div class="wp-block-column is-layout-flow wp-block-column-is-layout-flow" style="flex-basis:33.33%">
<div style="height:67px" aria-hidden="true" class="wp-block-spacer"></div>



<div class="wp-block-buttons is-content-justification-center is-layout-flex wp-container-core-buttons-is-layout-16018d1d wp-block-buttons-is-layout-flex">
<div class="wp-block-button"><a class="wp-block-button__link wp-element-button" href="https://palauvalencia.com/evento/a-filetta/" rel="nofollow noopener" target="_blank">Entrades</a></div>
</div>



<div style="height:67px" aria-hidden="true" class="wp-block-spacer"></div>



<p class="has-text-align-left"><strong>Intèrprets</strong><br><br>Jean-Claude Acquaviva<br>François Aragni<br>Jean-Do Bianco<br>Petr&#8217;Antò Casta<br>Paul Giansily<br>Maxime Vuillamier</p>
</div>



<div class="wp-block-column is-layout-flow wp-block-column-is-layout-flow" style="flex-basis:66.66%">
<p class="has-luminous-vivid-amber-color has-text-color has-link-color wp-elements-8ec1dab6b0f3d07ce23eab0790d2708d">Dissabte, 6 d&#8217;abril, 19:30 h. | Sala Joaquín Rodrigo &#8211; Palau de la Música</p>



<h1 class="wp-block-heading" style="font-size:40px;font-style:normal;font-weight:500">CORSIC&#8217;AMEN</h1>



<h2 class="wp-block-heading" style="font-size:25px"><em>Llum i foscor als jardins de la litúrgia corsa</em></h2>



<h3 class="wp-block-heading" style="font-size:20px">A Filetta</h3>



<hr class="wp-block-separator has-alpha-channel-opacity"/>



<p>Amén (Amanah) troba el seu origen a la Torà ; aquesta paraula que és una resposta comuna a una oració, una ordre però també una benedicció que significa &#8220;Així siga&#8221; ens remet a la fe, al compromís, a la veritat i a una promesa d&#8217;eternitat.<br></p>



<p>En aquest repertori de cants sagrats, A Filetta dona a escoltar a capella polifonies que han puntuat la vida religiosa de l&#8217;illa des de temps immemorials. Des dels cants arcaics procedents de la tradició oral fins a les creacions contemporànies, els cantants posen en relleu una memòria d&#8217;esperança que ens recorda que la nostra condició humana roman en la nostra capacitat d&#8217;elevar-nos més enllà de les tenebres…</p>



<div class="wp-block-getwid-accordion has-icon-left" data-active-element="none">
<div class="wp-block-getwid-accordion__header-wrapper"><span class="wp-block-getwid-accordion__header"><a href="#"><span class="wp-block-getwid-accordion__header-title"><strong>Biografía</strong> A Filetta</span><span class="wp-block-getwid-accordion__icon is-active"><i class="fas fa-plus"></i></span><span class="wp-block-getwid-accordion__icon is-passive"><i class="fas fa-minus"></i></span></a></span></div><div class="wp-block-getwid-accordion__content-wrapper"><div class="wp-block-getwid-accordion__content">
<p>La música de Filetta és un viatge… Podria dir-se que és una proposta polifònica i vocal desafiador, audaç i contemporània, encara que provinga d&#8217;una poderosa tradició oral.</p>



<p>És en 1978 quan gent molt jove -entre ells adolescents, impulsats per una forta voluntat de contribuir a la protecció d&#8217;un patrimoni oral en declivi- van iniciar la seua marxa… i el seu viatge ha sigut llarg, a vegades sinuós, però sempre jalonat de descobriments i trobades meravelloses. Per això, els cantants confessen de bon grat que &#8220;la trobada&#8221; està inscrita en el seu ADN musical. Això explica probablement per què mai han volgut limitar aquest viatge al perímetre de les seues arrels : encoratjats per la tradició de la qual són hereus, es van obrir ràpidament a uns altres: altres territoris, altres disciplines, altres artistes (intèrprets, compositors, directors, coreògrafs).</p>
</div></div>
</div>



<div style="height:28px" aria-hidden="true" class="wp-block-spacer"></div>



<div class="wp-block-getwid-social-links has-medium-spacing" style="font-size:20px"><ul class="wp-block-getwid-social-links__list getwid-justify-content-center getwid-justify-content-tablet-flex-end getwid-justify-content-mobile-flex-end"><li class="wp-block-getwid-social-links__item"><a class="wp-block-getwid-social-links__link" href="https://www.facebook.com/afilleta.officiel" target="_blank" rel="noopener nofollow"><span class="wp-block-getwid-social-links__wrapper has-text-color has-white-color"><i class="fab fa-facebook-f"></i></span></a></li><li class="wp-block-getwid-social-links__item"><a class="wp-block-getwid-social-links__link" href="https://twitter.com/a_filetta" target="_blank" rel="noreferrer noopener nofollow"><span class="wp-block-getwid-social-links__wrapper has-text-color has-white-color"><i class="fab fa-twitter"></i></span></a></li><li class="wp-block-getwid-social-links__item"><a class="wp-block-getwid-social-links__link" href="https://www.instagram.com/a_filetta" target="_blank" rel="noreferrer noopener nofollow"><span class="wp-block-getwid-social-links__wrapper has-text-color has-white-color"><i class="fab fa-instagram"></i></span></a></li><li class="wp-block-getwid-social-links__item"><a class="wp-block-getwid-social-links__link" href="https://www.youtube.com/@AFILETTA" target="_blank" rel="noreferrer noopener nofollow"><span class="wp-block-getwid-social-links__wrapper has-text-color has-white-color"><i class="fab fa-youtube"></i></span></a></li><li class="wp-block-getwid-social-links__item"><a class="wp-block-getwid-social-links__link" href="https://open.spotify.com/intl-es/artist/57WyiCMd1RIgCPmUCBrkf5?si=Bc8Yo-WmThONtw5oN6a5jA" target="_blank" rel="noopener nofollow"><span class="wp-block-getwid-social-links__wrapper has-text-color has-white-color"><i class="fab fa-spotify"></i></span></a></li><li class="wp-block-getwid-social-links__item"><a class="wp-block-getwid-social-links__link" href="http://www.afiletta.com" target="_blank" rel="noreferrer noopener nofollow"><span class="wp-block-getwid-social-links__wrapper has-text-color has-white-color"><i class="fas fa-compass"></i></span></a></li></ul></div>



<div style="height:100px" aria-hidden="true" class="wp-block-spacer"></div>
</div>
</div>

<p>Intèrprets Jean-Claude AcquavivaFrançois AragniJean-Do BiancoPetr&#8217;Antò CastaPaul GiansilyMaxime Vuillamier Dissabte, 6 d&#8217;abril, 19:30 h. | Sala Joaquín Rodrigo &#8211; Palau de la Música CORSIC&#8217;AMEN Llum i foscor als jardins de la litúrgia corsa A Filetta Amén (Amanah) troba el seu origen a la Torà ; aquesta paraula que és una resposta comuna a una oració, una [&hellip;]</p>
